of q?
4
Suppose -421 = 14*s - 71625. What is the units digit of s?
6
Suppose -5*u + 21 - 6 = 0. Let t be 264/(-18) + (-1)/u. Let r = 29 + t. What is the units digit of r?
4
Suppose 2*f = -3*c + 631, -c = -6 + 5. What is the units digit of f?
4
Let h(r) = r + 77. Let l = -59 - -59. What is the tens digit of h(l)?
7
Let c(n) = 107*n**3 - 3*n**2 + 7*n + 7. Let m(h) = 160*h**3 - 4*h**2 + 10*h + 10. Let r(p) = 7*c(p) - 5*m(p). What is the units digit of r(-1)?
0
Let f = 812 - 444. What is the units digit of f?
8
Suppose 0 = 2*x + 18 - 402. Suppose -d - 5*h = -52, 7*d - x = 3*d - 4*h. Suppose 15 = -u + d. What is the units digit of u?
2
Suppose 18 = 12*k - 10*k. Suppose k*c = 80 + 82. What is the tens digit of c?
1
Let x = -23 - -112. Let i = x + 12. What is the units digit of i?
1
Let z(f) = -f**3 - f**2 + f - 7. Let h be z(0). Let n be (-3)/12 - 147/(-12). Let m = n + h. What is the units digit of m?
5
Let j = 15 - 18. Let u be j/(-2)*8/6. Suppose u*z - 17 = z. What is the tens digit of z?
1
Suppose 4*j + 28 = 6*j. Let h = -12 + j. Suppose -h*q - i = -26, q + 0*q + i - 13 = 0. What is the tens digit of q?
1
Let t(x) = 4*x - 8. Let j be t(5). Suppose -j*l + 13*l - 5 = 0. What is the units digit of l?
5
Suppose 0 = -10*r + 25*r - 150. Suppose -4*h = -16, 5*f - r*f + 1349 = -4*h. What is the units digit of f?
3
Let a be 2 + 39 + 2 - -2. Suppose -3*f - r = f - 216, -a = -f + 2*r. What is the tens digit of f?
5
Let t be 1/(12/8 - 1). Let i(n) = 3*n**2 - 6*n**t + 10*n**3 + 2*n**2. What is the units digit of i(1)?
9
Suppose 591 = 4*s + r, 0 = -r - 1. Let q = s - 105. What is the tens digit of q?
4
Let b = 509 + 2109. What is the thousands digit of b?
2
Let r(h) = -5*h - 14. Suppose -7*t + 4*t + 45 = 0. Let l = -22 + t. What is the units digit of r(l)?
1
Suppose -9*m = -0*m - 72. Let b = m + 107. What is the units digit of b?
5
Let n(i) = i**3 - 5*i**2 - 3*i - 4. Let l be n(7). What is the tens digit of 1/(1/(l - 2))?
7
Suppose -2*n = -7*n - 415. What is the units digit of (6/(-6))/(167/n - -2)?
3
What is the units digit of (-22749)/(-21) + (-50)/175?
3
Suppose 3 = 8*j - 133. What is the units digit of j?
7
Let p = -2223 - -3301. What is the hundreds digit of p?
0
Suppose -71 + 16 = 5*d. Let s be 6/15 + (-116)/(-10). Let u = s + d. What is the units digit of u?
1
Suppose -176 = -5*n - 156. Suppose -d - 5*w + 31 = -17, 0 = n*d + w - 211. What is the units digit of d?
3
Let z(v) = -v**3 + 9*v**2 - v + 9. Let b be z(9). Let i = 9 + b. What is the units digit of i?
9
Let u(x) = 306*x**3 - 12*x**2 + 26*x. What is the tens digit of u(2)?
5
Let n(i) = -4*i**3 - 1. Let y(u) = -1 - 6*u - 12*u**2 + 9*u**2 + 4*u**2. Let q be y(6). What is the units digit of n(q)?
3
Let y(b) = -2*b**3 + 6*b**2 + 7*b + 15. What is the hundreds digit of y(-5)?
3
Let d be -6 + -3 + 6 + 13. Suppose 5*i - d = 3*i. Suppose 0 = i*z + 5*f - 125, 4*z - z - 99 = 5*f. What is the tens digit of z?
2
Let t be 4/(-10) + (-7215)/25. Let c = -201 - t. What is the units digit of c?
8
Let q(x) = -x**2 - x + 2. Let l be q(-3). Let r be 1 + 1 + (-12)/l. Suppose r*v - 58 + 3 = 0. What is the tens digit of v?
1
Let j(v) = v**2 + 6*v + 833. What is the hundreds digit of j(0)?
8
Let i(l) = l**3 + 5. Let a be i(0). Let p(n) = -n**3 + 4*n**2 + 2*n + 4. Let m be p(a). Let j = 6 - m. What is the units digit of j?
7
Suppose -2*o + 10 = 0, 5*h = -0*o - 3*o + 40. Suppose 2*i - 1428 = -4*k - i, -k + 374 = h*i. What is the tens digit of k?
5
Let k = 17 - -4. What is the tens digit of 168/2 + (-14)/k*-3?
8
Let w be 3*1*9*14/189. Suppose -4*v = 4*a - 164, 2*v = a - w*v - 46. What is the units digit of a?
2
Suppose 0 = 21*f - 3853 - 5723. What is the units digit of f?
6
Let x(l) be the second derivative of l**5/20 + 2*l**4 + 16*l**3/3 + 43*l**2/2 + 2*l - 1. What is the units digit of x(-22)?
7
What is the hundreds digit of 0 - (-14 + 10 - 2393)?
3
Let l(z) = -z**2 - 11*z - 20. Let n be l(-8). Let t = 8 - n. Let p = 12 - t. What is the units digit of p?
8
Let j(q) = 2*q**2 + 5*q - 10. Let o be 8/(-12) + 38/(-6). What is the units digit of j(o)?
3
Let q(r) be the first derivative of 2*r**3/3 + 6*r**2 - 3*r - 1. What is the tens digit of q(-10)?
7
Let l(m) = 68*m - 298. What is the thousands digit of l(22)?
1
Let i(t) = 19*t - 31. Let s(b) = 180*b - 294. Let y(o) = -48*i(o) + 5*s(o). Let m(j) = 8*j - 12. Let q(p) = 8*m(p) + 5*y(p). What is the tens digit of q(9)?
3
Let t = -67 - -80. Let f(o) = -5*o**2 - 21*o - 25. Let j(u) = -2*u**2 - 11*u - 13. Let n(q) = 3*f(q) - 7*j(q). What is the tens digit of n(t)?
2
Let n(i) = 102*i**2 - 11*i + 18. What is the tens digit of n(2)?
0
Let a(o) = -o**3 + 12*o**2 - 12*o - 52. What is the tens digit of a(10)?
2
Let z(p) = p**3 - 36*p**2 - 15*p + 162. What is the hundreds digit of z(37)?
9
Let f be -6*(56/26 - (-2)/(-13)). Let z = f - -14. What is the units digit of z?
2
What is the units digit of 1/(-4) + ((-525)/(-20) - -4)?
0
Suppose 16*w = 20*w + 28. Let g = 7 + -3. Let q = g - w. What is the tens digit of q?
1
Suppose -125 + 643 = 7*q. Let a = 164 - q. What is the units digit of a?
0
Let a(c) = 12*c + 1. Let k be (4/(-2) - -4) + 4. What is the tens digit of a(k)?
7
Let m = -571 + 659. What is the units digit of m?
8
Suppose 5*b - 6543 = -5*p + 1692, 4*p - 6563 = b. What is the thousands digit of p?
1
Let z = 3611 - 1092. What is the hundreds digit of z?
5
Suppose 2*t + 59 - 229 = 0. Suppose -y + 4*w + 51 = 0, -5*w = 4*y - y - t. What is the tens digit of y?
3
Suppose -5*h + 20 = -4*k, -2*h + 7 + 1 = 0. Suppose -6*b - 416 + 1346 = k. What is the hundreds digit of b?
1
Let t(z) = -z**2 - 11*z. Let l be t(-9). Let g be (-6)/(-4) + (-8)/(-16). Suppose -l = -g*b + 10. What is the units digit of b?
4
Let g(t) = 3*t**3 - 3*t**2 + 5*t + 4. Let f be g(-3). Let u = 279 + f. What is the tens digit of u?
6
Suppose 1 = -4*k + 25. Let d(s) = 6*s + 27. What is the units digit of d(k)?
3
Let d = -618 + 1318. What is the hundreds digit of d?
7
Suppose -i = -0*i + 5*s + 5, 5*i - 2*s = 2. Suppose -c + 4 = i, 2*z - 136 = 4*c + 222. What is the hundreds digit of z?
1
Suppose 15 = -5*d - 5, -80 = -3*g + 5*d. Suppose 3*x - g = -x. What is the units digit of (4 + x)/(2/2)?
9
Suppose 3*r + 4*y = 7, 3*y + y - 6 = -2*r. What is the tens digit of r*9*(-2 + (-146)/(-6))?
0
Suppose 4*c = -2*u + 1524, 5*u + c + 521 = 4367. What is the tens digit of u?
7
Let w = 146 - -48. Let p = -113 + w. What is the units digit of p?
1
Suppose -4*h + 10 = -5*l, 0*h = l - h + 3. Let t(s) = -10*s**2 + 10*s + 13 + l - s**3 + 0. What is the units digit of t(-11)?
6
Let u(f) = -5*f**3 - f**2 + f + 1. Let z = -5 + -2. Let l = z + 5. What is the units digit of u(l)?
5
Suppose -2*b = 29*b - 12307. What is the units digit of b?
7
Let i be ((-4)/6)/(2/(-219)). Suppose -2*a + m = -i, 4*m - 23 = -2*a + 45. What is the tens digit of a?
3
Let f(i) = 14*i**2 + i - 7. Let y(b) = 29*b**2 + 3*b - 15. Let k(o) = 13*f(o) - 6*y(o). What is the units digit of k(-2)?
1
Let d(v) = 522*v**3 - 2*v + 1. Let i be d(1). Let b = i + -283. Suppose -5*r + b = -3*a, r + a = 4*a + 50. What is the units digit of r?
7
Suppose 1517 = -7*b - 954. Let j = b - -524. What is the tens digit of j?
7
Let v(f) = -f**3 + 10*f**2 + 2*f + 1. Let b(i) = -i**3 + 23*i**2 - 21*i - 12. Let r be b(22). What is the units digit of v(r)?
1
Suppose -4*v - 2*n + 12592 = 0, 2*v - 3*n = 5268 + 1028. What is the hundreds digit of v?
1
Let a(g) = 0*g**2 - 8*g + g - 11 - 3*g - g**2. Let l be a(-8). Suppose -l*c = -2*c + 3*u - 42, -u - 31 = -2*c. What is the units digit of c?
5
Let k = -397 + 815. Suppose -k = -4*z - p, -p = 3*z + p - 311. What is the hundreds digit of z?
1
What is the thousands digit of (13/26)/((-7)/(-47026))?
3
Let a = -209 + 439. What is the units digit of a?
0
Suppose -5*r - 2 = -37. Let n be (r/(-3) + 2)*3. What is the units digit of 11 - n - (1 + -3)?
4
Let m = -54 + 56. What is the tens digit of 123*m/(-3)*(-4)/8?
4
Let r(l) = 7*l**2 - 2*l - 3. Let h be r(-1). Suppose h = -2*f - 0, -3*d + f = -231. What is the tens digit of d?
7
Let w = 11 + -7. Suppose 3*v - 10 - 2 = 0. Let k = w + v. What is the units digit of k?
8
Suppose 0 = -2*s + t - 29 + 1740, 3*s = 4*t + 2559. What is the tens digit of s?
5
Let q(l) = l**3 + 39*l**2 - 4*l - 10. What is the hundreds digit